se 0*j = -3*j + y. Is j a composite number?
False
Suppose k - 15 + 114 = 0. Let h(x) = -x**3 - 7*x**2 + 9*x + 6. Let d be h(-8). Is d/3*k/6 a composite number?
False
Let d(z) = 2*z**2 + 12*z - 12. Let t be d(-10). Suppose x = -w + 3*x - 27, 5*x = w + 36. Let a = t - w. Is a composite?
False
Let i = -2 - -2. Suppose -8*c + 3*c + 170 = i. Let s = c + -12. Is s a composite number?
True
Let g(w) = w**3 - 8*w**2 - 14*w + 5. Let d be g(10). Is d/2*42/35 prime?
False
Let k be 3/(-2 + 8)*0. Let l(z) = z**2 - z + 44. Let w be l(k). Let f = w + 5. Is f prime?
False
Suppose -4*l + 55 = -93. Is l a prime number?
True
Is (-5)/2*(-38)/5 a prime number?
True
Let l(j) = -188*j**3 + 2*j + 1. Is l(-1) prime?
False
Suppose s = -s - 66. Let j = 54 + s. Is j composite?
True
Suppose 0 = -x - l + 10, 0*x - 3*x = -2*l - 15. Let g(z) be the first derivative of -z**2/2 + 10*z - 1. Is g(x) a composite number?
False
Let m be -2*2/(12/81). Let y be (-23)/(-2 + m/(-15)). Let g = 34 + y. Is g composite?
False
Let r(d) be the third derivative of d**4/6 - 11*d**3/6 - 2*d**2. Let w(p) = -3*p + 10. Let k(b) = 5*r(b) + 6*w(b). Is k(4) composite?
False
Let m(u) = 3*u + 1. Let j be m(1). Let w(d) = d + 8. Let q be w(-6). Is ((-46)/j)/((-1)/q) a prime number?
True
Suppose 5*j = 4*t + t + 240, 3*j = 4*t + 147. Suppose 2*a = -5*q - 0*a + j, 0 = -4*a - 20. Is q composite?
False
Let j(u) be the first derivative of u**3/3 - u**2/2 - 4*u + 2. Let w be j(0). Let b = w - -11. Is b a composite number?
False
Let g be (-39)/12 + 2/8. Is g - 6*3*-8 composite?
True
Let z(h) = -7*h**2 - 2*h - 4. Let d be z(8). Let w = d + 802. Is w a composite number?
True
Let t = 844 - 152. Let w = t - 399. Suppose 0 = 2*p - p - w. Is p a prime number?
True
Let y = 1 + -1. Let q(r) = r + 5. Let p be q(y). Suppose p*l = 12 + 118. Is l prime?
False
Suppose -2*h = -5 - 7. Is (-6 - -351)*2/h composite?
True
Let j(l) = l**3 + 11*l**2 + 11*l + 12. Let a be j(-10). Suppose 5*y = a*y + 759. Is y prime?
False
Suppose -2*a - 16 = -118. Is a a prime number?
False
Let o be 69 - (-2 + 3) - -1. Let i = o - 32. Is i composite?
False
Is -2 + 445 + -1 + 1 prime?
True
Suppose 0 = -5*t + l + 561, -t - 2*l + 53 = -68. Suppose 4*j = u + 437, u = 5*j - 433 - t. Is j composite?
False
Let l(h) = -28*h + 1. Let g be l(-1). Is g + 5 - (1 + -2) a prime number?
False
Let o(v) = -v - 5. Let y be o(-9). Let p = y - 4. Suppose p = 2*u + 5*j - 159, -5*j - 76 = -2*u + 33. Is u prime?
True
Suppose -7*j + 20 = -3*j. Let b(x) = x**2 - 2*x + 4. Is b(j) a composite number?
False
Suppose i + 4*a = 5*i - 592, 577 = 4*i - a. Suppose 2*v + 3*k = -3*v + 766, 0 = v + 4*k - i. Is v a prime number?
False
Let h = -175 + 351. Let d = -97 + h. Is d prime?
True
Let y(x) = -x**2 - 3*x. Let l be y(-3). Suppose 0 = 4*v - l*v - 28. Suppose v*n + 53 = 8*n. Is n composite?
False
Let c be 3/(3/7)*2. Let x = c - -1. Suppose -k - 5*v + x + 9 = 0, k = v + 18. Is k composite?
False
Suppose -2*d - 2*d = 12. Let p be 3 + (-9)/d + -3. Suppose -p*q = q - 332. Is q prime?
True
Let k be 0/3 + -1 + 1. Suppose 2*c - 5*c = k. Let x(b) = -b**2 + 15. Is x(c) a composite number?
True
Let p = 341 + -150. Is p prime?
True
Let g(b) = -b - 7. Let d be g(-4). Let f be (-8)/d*(-6)/(-4). Suppose 0 = -f*l - x + 82, 5*l - 35 - 78 = 4*x. Is l prime?
False
Is (89078/44)/((-2)/(-8)*2) composite?
False
Let c = 1412 + -821. Is c composite?
True
Let f(j) = 6*j**3 + 2*j**2 + j. Let y be f(-1). Let t be (-874)/y + (-3)/(-15). Suppose -x - 186 = -4*n - 46, t = 5*n - 3*x. Is n a prime number?
False
Let w(m) = 9*m**2 + 5*m + 3. Is w(-4) a prime number?
True
Suppose 4*r - 7 = -4*z + 5*r, 4*z - 3*r = -3. Suppose k = z*k - 578. Is k composite?
True
Suppose 4*y + 0*y - 1076 = 0. Suppose 0 = 2*f - q + 28 - 208, 3*f = q + y. Is f prime?
True
Let g(k) = 2*k**3 - 7*k**2 + 4*k + 10. Is g(7) a composite number?
True
Let o be (-1)/3 + (-331)/(-3). Suppose 10*x + o = 5*x + q, -4*q = 2*x + 66. Let t = x - -44. Is t a composite number?
True
Let p(m) = m**3 - 6*m**2 - 6*m - 5. Let g be p(7). Suppose g*i - 5*h - 17 = i, 3*h + 15 = 3*i. Is i a composite number?
False
Let x be (-4341)/(-21) - (-4)/14. Suppose 4*y - 276 = 2*d, 0 = -4*y + 7*y - 2*d - x. Suppose -4*n + 201 - y = 0. Is n prime?
False
Suppose 0 = -3*m + 1559 + 154. Is m a prime number?
True
Let x(m) = m + 9. Let d be x(-5). Suppose d = -4*k + 2*k, -4*z + 2*k = -1612. Let j = z + -275. Is j a prime number?
True
Suppose 0*t - 30 = -5*t - c, -t = c - 6. Let h(w) = -w**3 + 7*w**2 + 8*w - 5. Is h(t) a prime number?
True
Let v be (-2)/(-4)*4 - -17. Suppose 0 = -i - 0*i + v. Is i a prime number?
True
Let o be 51*(-2 + 34/3). Suppose c - 3*s = 23 - 8, 4*c - 5*s - 32 = 0. Suppose 0 = -4*j - 3*u + 613, 5*u = c*j + 4*u - o. Is j a prime number?
True
Suppose 15 = -3*h - 2*h. Suppose 4*r + 7 = -3*w, 0*w + 2*w + 5*r + 14 = 0. Is 1/w - 104/h composite?
True
Suppose 2716 = 2*j + 2*j. Let y = j - 388. Is y a composite number?
True
Let m = -70 + 323. Is m composite?
True
Suppose 6 = b - w, 0 = 5*b + w - 4*w - 20. Let l be 1*0/(b + -4). Suppose l = 2*p + 3*p + 4*j - 615, 4*j + 218 = 2*p. Is p prime?
False
Let h = 17 - 32. Is 1450/h*(-3)/2 a prime number?
False
Let q(t) = -3*t**3 + 3*t**2 - 3*t - 3. Is q(-6) composite?
True
Suppose -535 = -3*w - 4*l, -575 = -3*w - 0*w + 4*l. Is w prime?
False
Suppose 0 = -x + 4*l - 165, -l - 24 = -2*x - 333. Suppose 0 = r - 102 + 458. Let g = x - r. Is g composite?
True
Let m be 0 + -1 - (-3 - -2). Suppose -4*g + 16 = m, 2*j - 5 - 47 = -2*g. Is j composite?
True
Let f = -909 - -1786. Is f a prime number?
True
Let s(q) = 3*q**3 - 6*q**2 - 13*q - 8. Let k(t) = 3*t**3 - 6*t**2 - 14*t - 9. Let x(o) = -5*k(o) + 6*s(o). Is x(6) a composite number?
True
Suppose 0 = 3*i + 246 + 78. Let g = 10 - -172. Let d = g + i. Is d prime?
False
Let i = 19 + 14. Suppose y + 14 = i. Is y a prime number?
True
Suppose 4*g + 24 = 5*b + 10, -4*g - 2 = b. Let q = -2 - g. Is (-250)/(-8) + q/4 prime?
True
Suppose 3*v = -46 - 26. Let g = -13 - v. Suppose 3*a + 3*n - 13 - g = 0, -a + 5*n = -14. Is a composite?
True
Suppose 0 = -5*k + y + 380, -4*y = -18 - 2. Is k prime?
False
Suppose -3*d = -d - 2, -n - d = -4. Suppose -4*u - n*h = 11 + 4, 4*u + 10 = -2*h. Suppose q - 14 = -u*q. Is q composite?
True
Suppose 2*o - 2070 + 268 = 0. Is o a prime number?
False
Is (2/6)/((-2354)/471 + 5) composite?
False
Let s = -8 - 0. Let r(c) be the first derivative of 2*c**3/3 + 9*c**2/2 + 3*c - 1. Is r(s) prime?
True
Let s(z) = -z**3 + 4*z**2 + 6*z - 1. Let c be s(5). Suppose 0 = 4*t + c, 2*x + 0*t = t - 3. Let m = x - -5. Is m a composite number?
False
Is 118*((-125)/(-10) + -4) a prime number?
False
Let k(o) = o**2 + o + 5. Let s be k(0). Suppose s*w = 44 - 199. Let j = 58 - w. Is j a prime number?
True
Let u(y) = y**2 + y - 7. Is u(-15) a composite number?
True
Suppose -3*a = -2*a - 397. Let t = a - 128. Is t composite?
False
Let w(j) = -8*j + 10. Let s be w(6). Let u = 59 - s. Is u prime?
True
Let q(b) = -b - 2*b**2 - 4*b - 7*b**2 - 7 - 2*b + 3*b**3. Let v(j) = 5*j**3 - 18*j**2 - 13*j - 14. Let l(t) = 7*q(t) - 4*v(t). Is l(-6) a prime number?
True
Let u = 6 - 1. Suppose 0 = -5*l - u*d + 10, -3*l = -l - 5*d - 4. Suppose l*v = -2*p + 171 - 71, 2*v = p + 109. Is v a prime number?
True
Let h(m) = 6*m**2 + 2*m - 3*m + 4*m - 7. Is h(-6) prime?
True
Let s = 474 - 263. Is s prime?
True
Suppose -2*r + 0*r = -44. Let b = r + 37. Is b a composite number?
False
Let i = 4 + -2. Suppose -7*o = -i*o - 15. Let p(d) = 12*d - 3. Is p(o) a prime number?
False
Let j be (108/(-2))/(-2 + 1). Suppose -3*m = -51 - j. Is m a prime number?
False
Let r(j) = j**3 - 6*j**2 + 5. Let a be r(6). Suppose -4*m - 5 = -a*m. Suppose n + p - 114 = 0, 0 = -0*n + 5*n - m*p - 620. Is n prime?
False
Let k = -6 + 4. Let s be 2*((-3)/k + 0). Suppose 4*b - s*a = 70, 10*b - 5*b - 99 = -2*a. Is b composite?
False
Suppose 10*x = 6*x + 316. Is x composite?
False
Suppose 3*y + 5 + 7 = 0. Is (8/(-12))/(y/258) composite?
False
Let g(t) be the first derivative of t + 89/3*t**3 + 2 - 1/2*t**2. Is g(1) a prime number?
True
Let h(c) = 85*c + 13. Is h(4) composite?
False
Suppose -47 = -z + 2*z. Let l = -33 - z. Is (-2)/(-2)*(l - 0) prime?
False
Let h = 7 - 4. Suppose 4*z = -w + 185, w - h*w - 2*z = -400. Is w prime?
False
Let n(r) = r**2 -